{"id":33251,"date":"2026-02-18T23:03:50","date_gmt":"2026-02-18T23:03:50","guid":{"rendered":"https:\/\/devolvemocoes.pt\/?page_id=33251"},"modified":"2026-02-18T23:37:06","modified_gmt":"2026-02-18T23:37:06","slug":"resolucao-de-litigios","status":"publish","type":"page","link":"https:\/\/devolvemocoes.pt\/?page_id=33251","title":{"rendered":"Resolu\u00e7\u00e3o de Lit\u00edgios"},"content":{"rendered":"\t\t<div data-elementor-type=\"wp-page\" data-elementor-id=\"33251\" class=\"elementor elementor-33251\">\n\t\t\t\t<div class=\"elementor-element elementor-element-58ad56c e-flex e-con-boxed e-con e-parent\" data-id=\"58ad56c\" data-element_type=\"container\" data-e-type=\"container\">\n\t\t\t\t\t<div class=\"e-con-inner\">\n\t\t\t\t<div class=\"elementor-element elementor-element-1b16e80 elementor-widget elementor-widget-text-editor\" data-id=\"1b16e80\" data-element_type=\"widget\" data-e-type=\"widget\" data-widget_type=\"text-editor.default\">\n\t\t\t\t\t\t\t\t\t<p>Em caso de lit\u00edgio o consumidor pode recorrer a um Centro de Resolu\u00e7\u00e3o de Lit\u00edgios de consumo:<\/p><p>\u00a0<\/p><p>CNIACC &#8211; Centro Nacional de Informa\u00e7\u00e3o e Arbitragem de Conflitos de Consumo<\/p><p><a href=\"https:\/\/www.cniacc.pt\/pt\/\">www.cniacc.pt<\/a><\/p><p>\u00a0<\/p><p>Centro de Arbitragem de Conflitos de Consumo do Distrito de Coimbra<\/p><p><a href=\"http:\/\/www.centrodearbitragemdecoimbra.com\/\">www.centrodearbitragemdecoimbra.com<\/a><\/p><p>\u00a0<\/p><p>Centro de Arbitragem de Conflitos de Consumo de Lisboa<\/p><p><a href=\"http:\/\/www.centroarbitragemlisboa.pt\/\">www.centroarbitragemlisboa.pt<\/a><\/p><p>\u00a0<\/p><p>Centro de Arbitragem de Conflitos de Consumo da Regi\u00e3o Aut\u00f3noma da Madeira<\/p><p><a href=\"http:\/\/www.srrh.gov-madeira.pt\/In%C3%ADcio\/tabid\/292\/default.aspx\">www.srrh.gov-madeira.pt\/Inicio\/tabid\/292\/default.aspx<\/a><\/p><p>\u00a0<\/p><p>Centro de Informa\u00e7\u00e3o e Arbitragem do Porto<\/p><p><a href=\"http:\/\/www.cicap.pt\/\">www.cicap.pt<\/a><\/p><p>\u00a0<\/p><p>Centro de Informa\u00e7\u00e3o e Arbitragem do Vale do Ave<\/p><p><a href=\"http:\/\/www.triave.pt\/\">www.triave.pt<\/a><\/p><p>\u00a0<\/p><p>Centro de Informa\u00e7\u00e3o e Arbitragem do Vale do C\u00e1vado<\/p><p><a href=\"http:\/\/www.ciab.pt\/\">www.ciab.pt<\/a><\/p><p>\u00a0<\/p><p>Centro de Informa\u00e7\u00e3o, Media\u00e7\u00e3o e Arbitragem do Algarve<\/p><p><a href=\"http:\/\/www.consumidoronline.pt\/pt\/\">www.consumidoronline.pt\/pt\/<\/a><\/p><p>\u00a0<\/p><p>Resolu\u00e7\u00e3o de Lit\u00edgios em Linha<\/p><p><a href=\"https:\/\/ec.europa.eu\/consumers\/odr\/main\/index.cfm?event=main.home2.show&amp;lng=PT\">ec.europa.eu\/consumers\/odr\/main\/index.cfm?event=main.home2.show&amp;lng=PT<\/a><\/p><p>\u00a0<\/p><p>Para atualiza\u00e7\u00f5es e mais informa\u00e7\u00f5es, consulte o Portal do Consumidor em\u00a0<a href=\"https:\/\/www.consumidor.gov.pt\/\">https:\/\/www.consumidor.gov.pt\/<\/a><br \/>(ao abrigo do artigo 18.\u00ba da Lei n.\u00ba 144\/2015, de 8 de setembro, alterada pela Decreto-Lei n.\u00ba 102\/2017, de 23 de agosto)<\/p>\t\t\t\t\t\t\t\t<\/div>\n\t\t\t\t\t<\/div>\n\t\t\t\t<\/div>\n\t\t\t\t<\/div>\n\t\t","protected":false},"excerpt":{"rendered":"<p>Em caso de lit\u00edgio o consumidor pode recorrer a um Centro de Resolu\u00e7\u00e3o de Lit\u00edgios de consumo: \u00a0 CNIACC &#8211; Centro Nacional de Informa\u00e7\u00e3o e Arbitragem de Conflitos de Consumo www.cniacc.pt \u00a0 Centro de Arbitragem de Conflitos de Consumo do [&hellip;]<\/p>\n","protected":false},"author":1,"featured_media":0,"parent":0,"menu_order":0,"comment_status":"closed","ping_status":"closed","template":"","meta":{"footnotes":""},"class_list":["post-33251","page","type-page","status-publish","hentry"],"_links":{"self":[{"href":"https:\/\/devolvemocoes.pt\/index.php?rest_route=\/wp\/v2\/pages\/33251","targetHints":{"allow":["GET"]}}],"collection":[{"href":"https:\/\/devolvemocoes.pt\/index.php?rest_route=\/wp\/v2\/pages"}],"about":[{"href":"https:\/\/devolvemocoes.pt\/index.php?rest_route=\/wp\/v2\/types\/page"}],"author":[{"embeddable":true,"href":"https:\/\/devolvemocoes.pt\/index.php?rest_route=\/wp\/v2\/users\/1"}],"replies":[{"embeddable":true,"href":"https:\/\/devolvemocoes.pt\/index.php?rest_route=%2Fwp%2Fv2%2Fcomments&post=33251"}],"version-history":[{"count":7,"href":"https:\/\/devolvemocoes.pt\/index.php?rest_route=\/wp\/v2\/pages\/33251\/revisions"}],"predecessor-version":[{"id":33264,"href":"https:\/\/devolvemocoes.pt\/index.php?rest_route=\/wp\/v2\/pages\/33251\/revisions\/33264"}],"wp:attachment":[{"href":"https:\/\/devolvemocoes.pt\/index.php?rest_route=%2Fwp%2Fv2%2Fmedia&parent=33251"}],"curies":[{"name":"wp","href":"https:\/\/api.w.org\/{rel}","templated":true}]}}